e -7*y - g = -17*y. What is the hundreds digit of y?
1
Let f be (30/4)/(-3)*2. Let u(n) = -2*n**2 - 47*n - 31. Let o be u(-23). Let i = f - o. What is the units digit of i?
3
Let z(g) = g - 14. Let h be z(9). Let a be (-18)/h + 12/(-20). Suppose 2*w = -5*v + 22, -w + 3 = a*v - 10. What is the units digit of w?
1
Let d be 5 - 5/(25/10). Suppose -4*a + 172 = 3*p, -p = -d*p. What is the units digit of a?
3
Let p(d) = -4754*d**3 - 7*d**2 - 8*d - 2. What is the tens digit of p(-1)?
5
Suppose 5*i = 5*y - 491 + 56, -2*y = 2*i - 166. What is the units digit of y?
5
Let q = -40 + 28. Let x be (-1)/(-2)*(-34)/(-1). Let n = x + q. What is the units digit of n?
5
Let w(o) = -o**3 - 9*o**2 - 10*o - 3. Suppose 2*p - 3*p = -10. Let b = p - 18. What is the units digit of w(b)?
3
Let m = -1901 + 4004. Suppose 339 = -7*w + m. Suppose -5*i = 2*z - w, 5*z - 40 = -3*i + 96. What is the tens digit of i?
5
Suppose 4*b + 101 = -299. What is the tens digit of ((-3)/2)/(6/b)?
2
Let m(n) be the first derivative of n**4/24 + 10*n**3/3 - n**2/2 + 12. Let b(o) be the second derivative of m(o). What is the units digit of b(-9)?
1
Suppose 3*h = -4*u + 3*u - 8, -3*h = 4*u + 68. Let f = u + 21. What is the units digit of f?
1
Let p(w) = w**2 + w. Let m be p(0). Suppose m = -6*u + 2*u + 188. What is the tens digit of u?
4
Suppose 0 = 4*l + 2*l - 18. Suppose 0 = l*v - 150 - 606. What is the units digit of v?
2
Suppose -355*w = -338*w - 57970. What is the hundreds digit of w?
4
Let j = 14 - 10. Let a be 4 + j + (-3 - 5). Suppose 8*w - 202 = 3*w - 2*r, a = 2*w + 5*r - 85. What is the units digit of w?
0
Let n be -2 - -2 - (-3 - -1). Suppose -n*b + 186 = 4*b. What is the units digit of b?
1
Let b be 1145/(6 - 1) + -1. Let r = b + -63. What is the units digit of r?
5
Suppose -2*m + 220 = -464. Suppose 0 = 4*v + 2*k - 684, 2*k = -v - v + m. What is the tens digit of v?
7
Let v(u) = -1611*u - 107. What is the units digit of v(-1)?
4
Let k(o) be the second derivative of o**5/20 - o**4/6 - o**3/2 - o**2/2 + 4*o. Let i be k(3). Let d(j) = -13*j + 1. What is the units digit of d(i)?
4
Let n(p) = -8*p**3 - 3*p**2 + 2*p - 6. Let f be n(-4). Suppose f = 7*k - 4*k. Suppose 0*r + k = 3*r. What is the units digit of r?
0
Let j(v) be the second derivative of -5*v + 0 - 5/6*v**3 - 9*v**2. What is the units digit of j(-12)?
2
Suppose -2*j = -u + 43, 2*u - j = -0*j + 74. What is the units digit of u?
5
Suppose 4*h - 100 = -32. Suppose -13 = -5*x + h. What is the units digit of x?
6
Let f = -13 + 10. Let j be (-4)/f + 312/9. Suppose -12*s + j = -10*s. What is the tens digit of s?
1
Suppose 18*j - 2*m + 11548 = 21*j, 2*j - 7700 = -2*m. What is the thousands digit of j?
3
Let z(m) = 344*m + 6. What is the hundreds digit of z(1)?
3
Suppose -1410 = -3*m - 3*p, 3*m = p + 931 + 471. What is the hundreds digit of m?
4
Let c(a) = -a**2 + a + 46. Let u be c(0). What is the tens digit of (3 - (-8)/(-4)) + u?
4
Let u be 5/5*(-3 - -56). Suppose u - 14 = i. What is the units digit of i?
9
Let m(c) = -c**2 - 2*c - 3. Let g be m(-2). Let f(z) be the third derivative of z**5/60 - z**4/12 + z**3/2 + 215*z**2. What is the units digit of f(g)?
8
Suppose -2*c - 52 = 3*y + 29, -3*c - 5*y = 119. Let r = 23 - c. What is the tens digit of r?
7
Let j be 25473/(-147) + (0 - 4/(-14)). Let i = j + 454. What is the tens digit of i?
8
Let l = -318 - -1522. What is the tens digit of l?
0
Suppose 40*h + 8172 = 49*h. What is the units digit of h?
8
Let h = -411 - -685. What is the units digit of h?
4
Suppose 30*o + 4 = 29*o. What is the tens digit of ((-34)/8 - o) + (-1410)/(-8)?
7
What is the units digit of (-50 - 0)*(-671)/22?
5
Let u = 553 - 356. What is the tens digit of u?
9
Let z(v) = -3130*v + 3. What is the thousands digit of z(-1)?
3
Let u = 1 + -5. Let h be (-21)/7 - u/(-2). Let p = h + 10. What is the units digit of p?
5
Suppose -7*b + 39 = -4*b + 5*c, -4*c + 42 = 3*b. Suppose -u = 2*d - 30, -3*u - 27 - b = -3*d. What is the tens digit of -9*((-50)/d - -2)?
1
Suppose -9*n + 7*n + 874 = 0. Suppose -5*o + 2*u - n + 1602 = 0, -u - 929 = -4*o. What is the tens digit of o?
3
Let s(l) be the first derivative of 2/3*l**3 - 3*l + 2*l**2 + 6. What is the tens digit of s(-4)?
1
Suppose 4*c - 3790 = -658. What is the units digit of c?
3
Let j(q) = -26*q - 103. What is the hundreds digit of j(-10)?
1
Let t(m) = -m**3 - 7*m**2 - 12*m - 1. Let u be t(-4). Let o be (2 + -2)/(6/(-3)). What is the tens digit of (-26 - -9)*(u - o)?
1
Suppose 0 = s - 3*s + 4. Suppose -2*i - 3*y = -160, s*i + y - 2*y = 168. What is the units digit of i?
3
Let j(g) = 7*g**2 - 101*g + 4. What is the hundreds digit of j(20)?
7
Let l(a) = -68*a + 2. Let r = -69 + 68. What is the units digit of l(r)?
0
Let x(f) = -f - 3. Let v be x(0). Let m be ((-24)/(-9))/(v/(-18)). Let w = m - 1. What is the units digit of w?
5
Let d be -3 + 0 - -2 - -132. Let i = 220 - d. What is the tens digit of i?
8
Suppose 40 - 160 = -5*i. Let o(w) = -w**3 + 3*w**2 + 10*w - 20. Let x be o(4). Suppose -2*n = 6, -j + i = -x*n + 3*n. What is the tens digit of j?
2
Let v = 13 - 9. Suppose -v*h - 6 = -7*h. What is the units digit of h?
2
Suppose 30*w - 35*w = -4*n - 7393, 0 = -w - n + 1475. What is the tens digit of w?
7
Suppose 3*y - 7*y = -24. What is the tens digit of (-3 + (-255)/(-10))*y?
3
Let c be (-2)/4 - (4 - (-63)/(-6)). Let h(y) = 6*y + 0*y + 4 + y. What is the tens digit of h(c)?
4
Let b = 136 + 130. What is the hundreds digit of b?
2
Let k = 676 + -691. Let o(y) be the third derivative of -y**4/8 + 7*y**3/3 + y**2. What is the tens digit of o(k)?
5
Let f(x) = 8*x**2 - 21*x + 95. What is the tens digit of f(7)?
4
Suppose 1123 = 6*d - 317. Suppose 0 = 3*h - 762 + d. What is the tens digit of h?
7
Let g(v) = 2*v**2 + 47*v - 195. What is the units digit of g(30)?
5
Let v(l) = l**3 + 18*l**2 - 30*l - 21. What is the tens digit of v(-17)?
7
Let i(q) = -4*q**2 - 2*q + 493. What is the tens digit of i(0)?
9
Let a(t) = 8*t**3 - 2*t**2 + t + 3. Let p be a(-1). What is the units digit of (-1894)/(-16)*2 + (-2)/p?
7
Let d = 72 - 244. What is the tens digit of (d/7)/(20/(-70))?
8
Suppose 0 = -84*p + 62*p + 12804. What is the hundreds digit of p?
5
What is the hundreds digit of 3 + ((-156)/(-26))/((-2)/(-178))?
5
Let j(c) = 5*c + 31. Let r be j(-6). What is the units digit of r/(((-15)/(-3))/235)?
7
Suppose -3*x = -9513 + 1644. What is the tens digit of x?
2
Let o be 2/(-5) - (-18)/(-15)*-2. What is the tens digit of 30 - (-1 - o/4*2)?
3
Let d(a) = a**3 + 11*a**2 + 4*a + 6. Let y be d(-10). Suppose x - y = -0*x + j, 4*x - j - 249 = 0. What is the tens digit of x?
6
Let s(n) = -4*n**2 + 14*n + 11. Let o be s(5). Suppose -2*d + 256 = 4*f, -d - 3*d = 4*f - 264. Let x = f + o. What is the units digit of x?
3
Let f(n) = -5*n - 4. Let p = -3 + 7. Let w be (p - 6)*(2 + 0). What is the tens digit of f(w)?
1
Suppose h = -5*d - 13, 3*d - 3*h - 3 = -18. Let o(q) = -2*q**2 - 9*q - 6. Let x be o(-6). Let l = d - x. What is the tens digit of l?
2
What is the tens digit of -1 + 9 - (-2064 - -29)?
4
Let k(p) = -p - 4. Let y be k(4). Let n(h) = -3*h - 19. Let m be n(y). Suppose -65 = -5*s + m*g, -g = 4*s + 4*g - 25. What is the tens digit of s?
1
Let p(d) = -32*d - 112. What is the hundreds digit of p(-13)?
3
Suppose -3*w = w + 19652. What is the hundreds digit of (1/1)/((-17)/w)?
2
What is the thousands digit of ((-692)/(-2))/((80/(-14))/(-20))?
1
Suppose -3*n + 578 = 53. Let o = -71 + n. What is the units digit of o?
4
Let r = 2243 + -901. What is the tens digit of r?
4
What is the units digit of (-26)/(-39) - (-6078)/9?
6
Let a = 14 + -5. Suppose 0 = 3*d - r - 27, -3*r = -0*r + a. Let y(q) = 2*q + 1. What is the units digit of y(d)?
7
Let h be 2 - (-12)/(3 - -1). Suppose 4*u - 2*u - 40 = -h*p, -2*u = p. What is the units digit of 2*p - (3 - 0)?
7
Suppose 6*o - 720 + 834 = 0. Let v(r) = 6*r + 3. Let u be v(3). Let s = o + u. What is the units digit of s?
2
Let t be (-6)/(-4)*(-8)/(-6). Suppose t*f + 46 = 2*w, -3*f - 3*w - 70 = 5. Let a = 43 + f. What is the units digit of a?
9
What is the hundreds digit of (392/12*1)/((-4)/(-54))?
4
Let b be 1*-2 + (-23)/(-1). Let i(d) = d**2 + 11*d - 35. Let v be i(3). Let k = v + b. What is the tens digit of k?
2
Suppose 0 = -2*j + 6*j. Suppose j*x = -3*x + 288. Let f